et z be (-2)/(-4) - 9/18. Suppose z*i = n + i - 9, 4*n - 64 = 3*i. Suppose 3*p - n = 5. Calculate w(p).
-6
Let o(g) be the third derivative of -g**5/30 + 5*g**3/6 - 32913*g**2. Suppose 4*m = -5*i + 27, 3*i - 4*m + 9 = 2*i. What is o(i)?
-13
Let k(d) = 135*d**3 - 3*d**2 - 2*d + 6. Let b(p) = -119*p**3 + 3*p**2 + 2*p - 5. Let r(q) = 7*b(q) + 6*k(q). Calculate r(-1).
25
Let g(b) = b + 120 - 250 + 157 - 2*b - 3*b. What is g(6)?
3
Let j be 1/(5/25) - 124/4. Let a(h) = -h - 13. Let m be a(j). Let t(y) = y**3 - 12*y**2 - 13*y - 6. Calculate t(m).
-6
Let s(l) = -638604*l + 638593*l - 27 + 5. What is s(0)?
-22
Let d(a) = a**3 - 6*a**2 + 7*a - 5. Let l = -6 + 15. Suppose 0 = 8*o - l - 7. Suppose -r = 4*k - 17, 7 = o*k + 4*r - 3*r. Determine d(k).
5
Let t = 208 + -201. Let i(r) be the second derivative of -r**4/12 + 5*r**3/3 - 2*r**2 + 66*r. Give i(t).
17
Let p(v) = v**3 + 8*v**2 + 13*v - 6. Let m be p(-5). Let k(r) = -4*r**2 + r**3 - 1 - 1019*r + 1015*r - r**2. What is k(m)?
-33
Let n(z) = 4*z + 35. Suppose 2*k = 2*h + 12, -h + 23*k = 20*k + 6. What is n(h)?
11
Suppose 5*i - 24 + 6 = 4*m, 0 = i + 5*m - 21. Suppose i*g = -2*a + 4*g - 8, a - 6 = 4*g. Let o(f) = -f**3 - 2*f**2 - 1. Give o(a).
-1
Let o = 6 + -10. Let a(f) = -11*f**2 - 2*f - 38. Let c(h) = 8*h**2 + 3*h + 26. Let b(i) = -2*a(i) - 3*c(i). Give b(o).
-14
Let y be (-3 - 72/(-32))/((-6)/16). Suppose -10 = -y*r + 2*v, 5*r - 13*v - 33 = -12*v. Let a(o) = -o**2 + 8*o - 2. Determine a(r).
5
Suppose -3*k - 29 = -2*i - 2*i, -6 = -3*i - 3*k. Let x be 29/5 + (-4)/i. Suppose 5*z = x*n + 30, -2*n + 2 = 5*z - 0. Let w(o) = o**2 + 4*o - 3. Give w(z).
9
Let z = 20101 + -20095. Let r(v) = 7*v - 31. Determine r(z).
11
Let v(w) be the third derivative of -w**5/60 + 5*w**4/24 + 2*w**2. Let p = 2 - -5. Let k be ((-16)/14)/(-2*1/p). Give v(k).
4
Let h(c) = 3*c + 104. Let i(b) = -29*b - 826. Let z(j) = -50*h(j) - 6*i(j). Give z(10).
-4
Suppose 44 = -2*w + 40. Suppose -4*g + 6 = 3*v - g, -3*v = -g - 6. Let u(i) = 0*i**2 + 2*i**v + 34*i - 31*i + 2. Determine u(w).
4
Let a(c) = -2*c**2 + 40*c + 14. Suppose 3*i - 4*g - 52 = 0, 864*g - 867*g = 5*i - 106. What is a(i)?
14
Let k(m) = -7*m**3 + 5*m**2 - 4*m + 3. Let o(j) = -2*j**3 + 2*j**2 - j. Let g(t) = k(t) - 3*o(t). Let b = 88 - 42. Let q = b + -46. Determine g(q).
3
Let p be (-2)/(-13) - (-2 + (-150)/39). Let u be (-2)/(p - 3 - 5) + 2. Let g(f) = 9*f + 3*f - 11*f**2 + 8*f - 11 + f**u - 19*f. What is g(11)?
0
Let x be ((-172)/2838)/(4/(-11)). Let b(s) be the second derivative of -x*s**3 + 9*s - 1/2*s**2 + 0. Give b(-1).
0
Let u(b) = -b**2 - 32*b - 254. Suppose 3*i = -5*p - 43, 675*p - 676*p = -4*i - 65. What is u(i)?
2
Let d(b) = 0*b - b**2 - 49*b**3 - 3 - 3*b + 48*b**3. Let p = -458 + 455. Calculate d(p).
24
Let c(n) = -n**3 + 12*n**2 - 6*n + 12. Let v be c(9). Let i = 194 - v. Let g(h) = -h + 7. Determine g(i).
14
Let f(b) = b**3 + 7*b**2 - 12*b - 81. Let g be f(-7). Let j(c) = 7*c**2 + c**3 - c**3 - 34*c + c**g - 7 + 18 + 35*c. Calculate j(-7).
4
Let o(v) = -15*v**2 - 13*v + 12. Let b(h) be the first derivative of -3*h**2 + 6*h - 7/3*h**3 + 4. Let p(w) = 13*b(w) - 6*o(w). Calculate p(-5).
-19
Let c be 140/5*(11/4 - 3). Let g(d) = -4*d**2 - 9*d - 1. Let p(m) = -3*m**2 - 8*m - 2. Let y(z) = -2*g(z) + 3*p(z). What is y(c)?
-11
Let n(t) = 22*t - 11. Suppose -35*r - 2*r = 23*r - 0*r. Give n(r).
-11
Suppose -13*l + 586 - 651 = 0. Let d(i) = i**3 + 2*i**2 - 13*i + 19. Give d(l).
9
Let a(z) = 6*z**2 - 1. Let o(l) = -15*l + 2. Let q be o(-2). Suppose -4*i = 20 - q. Suppose 1 = -4*v - i. Give a(v).
5
Let r(n) = -7*n**3 + 3*n**3 + 0*n**3 + 5*n**3 - 2*n + n**2 - 2 + 2*n**2. Calculate r(-3).
4
Let l(j) = j**2 + 5*j - 56. Let c = 10412 + -10406. Give l(c).
10
Suppose -3*w + 322 = 2*m, -2*m = 4*w + 44 - 476. Let n = w + -122. Let r(f) = -f - 7. Give r(n).
5
Let k(a) be the first derivative of -144 - 7/2*a**2 + 9*a + 1/3*a**3. Give k(7).
9
Let n(g) = -g**2 - 13*g + 128. Let x be n(-20). Let v(f) = -f**2 - 16*f - 42. Let a be v(x). Let w(r) = -r**3 + 6*r**2 - 2*r + 8. Determine w(a).
-4
Let d(r) = r**3 - r**2 + 5*r - 3. Let f = 40 - 37. Let y(h) = h**3 - 2*h**2 + 4*h - 2. Let q(j) = f*d(j) - 4*y(j). What is q(2)?
9
Let t(a) = -12*a**2 - 49*a - 3. Let b(c) = -5*c**2 - 22*c - 1. Let g(v) = -7*b(v) + 3*t(v). What is g(4)?
10
Let n = 1133 + -1137. Let c(y) be the third derivative of -y**5/120 - 7*y**4/24 + 2*y**3/3 - 2*y**2. Let a(d) be the first derivative of c(d). Determine a(n).
-3
Let u(i) = -i**3 - 10*i**2 - 11*i - 3. Suppose -5*n - 22 = 2*k, -3*n - 24*k = -27*k + 51. Determine u(n).
-43
Let p(w) = -10*w**3 + 8*w**2 + 7*w - 3. Let j(q) = 17*q**3 - 15*q**2 - 12*q + 4. Let o(i) = 3*j(i) + 5*p(i). Determine o(6).
27
Let h be -15*16/(-40) - (-58)/(-2). Let d(q) = q**3 + 21*q**2 - 43*q - 21. Give d(h).
-90
Let z(o) = 11*o**3 + 2*o - 1. Let a(f) = f**2 - 4*f + 1. Suppose 4*s - 3*n = 4, 2*s = 2*n - 3*n + 12. Let j be a(s). Calculate z(j).
12
Let s(j) be the first derivative of -3*j**2/2 - 47*j + 1237. What is s(-22)?
19
Let f(p) be the first derivative of -3*p**2 - 39*p - 7752. Give f(-6).
-3
Suppose -508*w + 4672 = -9552. Let x(z) = -z**2 + 26*z + 33. Give x(w).
-23
Let r(d) = -13*d**3 + 12*d**3 + 2 + 6 - 3 + 2 + d**2 - 8. Suppose -5*n = -3*n. Give r(n).
-1
Suppose -5*c + 3 = 3*d - 0, -d - 9 = 5*c. Suppose -15 = -5*o + 5*l, d*o - 3*l = 7*o - 11. Let j(w) = -3*w + 8 - o + 6*w. Give j(-2).
-3
Let c(k) = 3*k**2 - 23*k + 6. Let a be 140/18 + (-2)/(-9). Let r(b) = b**2 - 8*b + 2. Let j(l) = a*r(l) - 3*c(l). Determine j(6).
-8
Let u(r) = 10 - 7*r + 6 + 2 + 8*r. Let z(a) = a**3 + 38*a**2 - 16. Let j be z(-38). Calculate u(j).
2
Let h(u) = -17*u + 17. Let c(t) = -15*t + 16. Let m(k) = 9*c(k) - 8*h(k). Determine m(-7).
1
Let y(p) = -p**3 + 34*p**2 - 32*p - 29. Let t be y(33). Suppose -t*i = 20*i - 48. Let r(o) = -o**2 - 1. Determine r(i).
-5
Suppose 0 = -4*i - 0*i + 5*c - 14, -2*c = -i - 5. Suppose -36*g + 4 = -34*g. Let a(v) = 48*v**2 + v + 1 + 55*v**2 - 89*v**g. Give a(i).
14
Suppose 4 = 140*q - 3 + 7. Let x(j) = 3*j**2 + 2*j - 10. Let d(b) = 8*b**2 + 5*b - 29. Let g(u) = 4*d(u) - 11*x(u). What is g(q)?
-6
Let o = -130 + 138. Suppose -27*r + o*r = 152. Let u(y) = -3*y - 1. Calculate u(r).
23
Let h(i) = i**2 + 7*i - 7. Let a = 3617 + -3625. Determine h(a).
1
Let w(o) = o**2 - o - 2. Let u be w(3). Let q(p) = 859*p**3 + 2*p**2 - 15 + 8 + 10 - 860*p**3 + 4*p. Give q(u).
-13
Let s(g) be the first derivative of -g**3/3 - 5*g**2/2 - 6*g + 932. Let u be (-31)/4 + (-3)/(-4). Let b be (-1 - 26/(-14))*u. Determine s(b).
-12
Suppose 9*x - 810 = 36*x. Let p be 8/(-48) + (-215)/x. Let h(l) = -3*l**3 + 6*l**2 + 2*l**3 + 0*l**3 + 7*l - 6. Give h(p).
-6
Let z(h) be the first derivative of -2*h - 3*h**2 - 1/3*h**3 + 1. Suppose 20 = 5*g - 5*r, 5*g - 7624*r + 7625*r = -28. Give z(g).
6
Suppose 123 = -3*j + 132. Let t(v) = -4*v**3 + 12830*v**2 + 0*v**3 + 3*v**j - 12822*v**2 + 9 - 10*v. Determine t(7).
-12
Let r(t) = 1 + 6*t - 4*t - 3*t + 7*t. Suppose s - 4 - 9 = 0. Suppose -s*q = -q - 12. Determine r(q).
7
Let h(n) = 2*n**2 + 3*n - 58. Suppose 419 = 73*l - 19. Give h(l).
32
Let r(w) = w**3 - 4*w - 2 + 2*w + 4*w**2 + 5 + 6*w. Suppose -5*u = 20, -16 = -4*o + u - 2*u. Suppose 0*z - 2 = h + 2*z, 23 = -o*h + 3*z. Calculate r(h).
-13
Suppose -20*z = -16*z + 12. Let m(k) = 2*k**2 + k + 1. Let j(v) = 8*v**2 + 3*v. Let t(r) = z*m(r) + j(r). Give t(-3).
15
Let d(f) be the second derivative of 0*f**2 + 1/6*f**3 + 0 + 1/12*f**4 - 34*f. Determine d(0).
0
Let m(s) = -2*s - 1. Let q be (-16)/(-12) + (-4)/(-6). Suppose 3*j - q*j - 4*o = -5, 2*j = -o - 1. Let p(f) = -4*f**2 + 2*f + 2. Let u be p(j). Give m(u).
7
Let m(s) = s**2 + 2*s - 2. Let x(w) = 14 - 20*w - 17*w**2 + w**3 + 15 + 9. Suppose -3*g - 162 = -12*g. Let h be x(g). Give m(h).
6
Let l(k) = 9*k + 3*k - 7 + 11*k - 17*k. Let r(v) be the third derivative of 5*v**4/24 - 7*v**3/6 + 3*v**2. Let q(h) = -2*l(h) + 3*r(h). Give q(6).
11
Let k(c) = 72*c**2 - 4*c + 6. Let h be k(1). Let n(j) = -44*j - 36*j - 3 + h*j - j**2 - 2. Let u(p) = p + 1. Let z be u(-5). Calculate n(z).
3
Let b = -144 + 139. Let c be (-5 - -6) + (-2)/(-2). Let n(x) = -x**2 + 5*x - 2*x**c + 6 + 4*x**2. Determine n(b).
6
Let j(m) = -m - 9. Let u(p) = 5*p + 29. Let s(l) = -8*j(l) - 3*u(l). Let b(v) = -9*v -